- 4*x(r). Let s be 7 - 0/(12/(-6)). Give u(s).
-2
Let c be 0/(-3*(-4)/(-12)). Let n(k) = -k**2 - k + 15. Determine n(c).
15
Suppose s + 3*s = 24. Let g(d) = 5 - 4*d**2 - 4*d - d**2 + s*d**2. Give g(4).
5
Let b(i) = 4 - 5*i + 1 + i**3 + 4*i**2 - 5*i**2 + 5*i**2. Let d = 8 - 6. Suppose -17 = 5*r + d*z, 0*r - 2*r + 5*z = 30. Give b(r).
5
Let h(q) be the third derivative of -q**6/120 + q**5/10 - q**4/6 + 2*q**3/3 - 6*q**2 + 6*q. Give h(6).
-20
Let r(m) = -23 - 3*m - 14*m + 2*m - 8*m**2. Let i(t) = 3*t**2 + 5*t + 8. Let l(y) = 11*i(y) + 4*r(y). Determine l(5).
-4
Suppose 0 = -4*q + 3*k - 33, 0*k + 3 = k. Let a(u) = -u**2 - 5*u + 8. Determine a(q).
2
Let m(c) be the first derivative of c**3/3 - 2*c**2 + 6*c + 17. Suppose -2*b = -11 + 3. Determine m(b).
6
Let t be 13 + (-3)/(-3) + -1. Let k = -8 + t. Let u(r) = r + 1. Give u(k).
6
Let j(f) = -f**2 - 12*f - 20. Let w be j(-10). Let d(h) = h - 7. Calculate d(w).
-7
Let o = 18 - 18. Let c(r) be the second derivative of 2*r - 2/3*r**3 + 0*r**2 + o. What is c(2)?
-8
Let v = 6 - 2. Suppose 0 = 4*y + 6 - 18, -o + y = 0. Let q(u) = 15*u**3 - 1 - 2 - 3*u**2 - 14*u**o - 4*u. Give q(v).
-3
Let u(d) = d - 1. Let b be u(2). Let i(p) be the first derivative of 13*p**4/4 + p**3/3 - 3. Determine i(b).
14
Let x(i) = -2*i + 10. Let m(c) = c - 10. Let j(k) = -3*m(k) - 2*x(k). Determine j(0).
10
Let s(z) = 3*z + 6. Let d(u) = 6*u + 14. Let n(a) = -2*d(a) + 5*s(a). Calculate n(-2).
-4
Let m(k) = 6 - 2 - k**2 + 6 - 4 + 5*k. Let c be m(6). Let v(b) = b**2 + b + 4. Calculate v(c).
4
Let p(o) = o**2 + o + 7. Suppose x + 20 = -4*h, 0 = 5*x - 3*h + 8 - 23. Calculate p(x).
7
Let b(j) = -1 - 5*j**3 + j**3 + 3*j**3 + j**2 - j. Let v = -3 - 6. Let d(r) = r**3 + 8*r**2 - 8*r + 11. Let p be d(v). Give b(p).
-7
Let z = 16 - 14. Let a(r) = 2*r**z + r**2 - 2*r**2 - 5*r. Calculate a(4).
-4
Let y(c) = -8*c**3. Let t(h) = 1 + 19*h**2 - 13*h - 10 - 2 - 20*h**2. Let k be t(-12). What is y(k)?
-8
Let v(p) = p**2 + 4*p - 5. Let u be 1*4 + 36/(-4). What is v(u)?
0
Suppose 4*f = 4*l + 88, -2*f - 2*l = -0*f - 64. Let u = f - 15. Suppose 4*d = 2*d - u. Let t(y) = y + 13. Determine t(d).
7
Let q be (5/2)/(-5)*6. Let j(o) = o + 3. What is j(q)?
0
Let h(l) = 2*l - 2. Let u be h(2). Suppose -3*r = 3*w - 13 - u, -2*r - 4*w = -6. Let m = 2 - r. Let g(z) = -z**3 - 4*z**2 + 4*z + 1. What is g(m)?
6
Let t be (2 - 2)*(4 - 3). Suppose g - 3*p = -7, t*p - 13 = -5*g - p. Let n(d) = g*d - 3 - 6 + 4 + 2*d + d**2. Calculate n(-4).
-5
Suppose -p = -2*s + 9, -6 = -4*s + 2*s - 2*p. Let c be (-44)/(-8)*12/3. Let f(h) = c*h**2 - 5*h + 0 - 2 - 21*h**2. Determine f(s).
-6
Let g(k) = k**3 + k**2 + 2*k - 1. Let y(w) = 2*w**3 + 2*w**2 + 3*w - 2. Let m(h) = -5*g(h) + 3*y(h). Let p be -4*(-4 + 5) + 3. What is m(p)?
0
Suppose 2*s + 33 = 33. Let o(f) = -f**3 - f**2 + 18. Give o(s).
18
Let n(r) be the second derivative of -r**5/20 + r**4/2 + 7*r**3/6 - 2*r**2 + 118*r. Suppose 3*s + s + 4*b = 48, -2*b = 5*s - 45. Calculate n(s).
-4
Let d(h) = -h**3 + 6*h**2 - h + 5. Let i be d(6). Let r(k) = k + 1. Let b(q) = q + 6. Let u(j) = i*b(j) + 2*r(j). What is u(6)?
2
Suppose 4*c - 19 = 13. Suppose 5*l + 28 = c. Let q(n) = 3*n - 1. Let o(t) = -t + 1. Let s(z) = -4*o(z) - q(z). Give s(l).
-7
Let q be 2 + (-8)/2 - 3. Let j(z) be the first derivative of -z**3/3 - 3*z**2 - 4*z + 33. Give j(q).
1
Let k = -133 + 138. Let f(m) = -m**3 + 6*m**2 - 7*m + 7. Determine f(k).
-3
Let q(w) = 3 + 2*w - 4 - 3*w. Let j(z) = -2*z - 2. Let r be 22/4 - 6/(-4). Let b(l) = r*q(l) - 4*j(l). Give b(-1).
0
Let a(p) be the third derivative of -p**4/24 + p**3/3 + 3*p**2. Let d = 5 + -1. What is a(d)?
-2
Let w = 11 + -16. Let l(p) be the second derivative of -p**2/2 - 2*p. Let q(j) = -j + 5. Let x(n) = -6*l(n) - q(n). Determine x(w).
-4
Let j(y) = -y**3 - 14*y**2 - 12*y + 15. Let w be j(-13). Let s(n) = 0*n**3 + n**2 + 4 + n**3 - w*n + 0*n**3. What is s(-3)?
-8
Let p(s) = s**3 - 3 - 3*s**2 + 3 - 2*s**3 - 4 - 3*s. Give p(-3).
5
Let u(p) = -1 - 5*p + 0*p + 2*p + 2*p. Give u(2).
-3
Let h(z) = -z**2 + 26 - z**3 + 5*z - 7*z - 25. What is h(-2)?
9
Let i(n) = -5*n - 3. Let x(p) = -6*p - 4. Let u(a) = -a - 2*a**2 + 3*a**2 + 7*a + 1. Let g be u(-5). Let v(h) = g*i(h) + 3*x(h). Determine v(4).
8
Let c(m) = 4*m**3 + m**2 + m. Suppose 0 = -2*q - 0*q - 2. Give c(q).
-4
Let a(h) be the third derivative of h**5/60 - h**4/4 - h**3 + 7*h**2. Determine a(6).
-6
Let g(r) = r**3 + 2*r**2 - 5*r - 4. Suppose s + 27 = o, o + 0*o + 3*s - 7 = 0. Let k = 19 - o. Give g(k).
2
Let o be -3*3*(-28)/18. Suppose 5*p = -h - h + 26, -2*h = -p - o. Let v be 2/(-4) + 12/h. Let d(y) = -10*y**2 + 1. Determine d(v).
-9
Let a(x) be the second derivative of x**4/12 - 7*x**3/6 + x. Calculate a(6).
-6
Let k(n) = -n - 1. Let q(r) = -r + 9. Let f be q(9). What is k(f)?
-1
Let v = -86 + 80. Let b(k) = -k - 4. Give b(v).
2
Let b(f) be the third derivative of -f**6/120 - f**5/20 + f**4/24 + f**3/6 + 6*f**2. Calculate b(-3).
-2
Let w(t) = 5*t**2 + 2*t - 2. Let y(m) = -9*m**2 - 3*m + 4. Let h(g) = 11*w(g) + 6*y(g). Determine h(-4).
2
Let q(f) = f - 2. Suppose 4*v - 5*w = 22, v - 4 = w + 1. Suppose k + v = 0, 0 = c + k - 1. What is q(c)?
2
Let h(m) be the second derivative of 0 - 1/2*m**2 - 7*m - 3/2*m**3. Calculate h(-1).
8
Let w(a) = -3*a**3 + a**2 - 3*a. Suppose 5*t + n = 14, -t + 4*n = 3*t + 8. Let p(s) = -4*s**3 + 2*s**2 - 4*s. Let h(q) = t*p(q) - 3*w(q). Determine h(-2).
-6
Let t(z) = z - 4. Let b be t(7). Suppose -4*g + 0*g - 3*n - 12 = 0, -b*g + 16 = -4*n. Let m(h) = h**2 + h. Determine m(g).
0
Let i(v) = 3*v**2 + v + 5. Let p(d) = -7*d**2 - 2*d - 11. Let l(x) = 9*i(x) + 4*p(x). Determine l(-2).
-5
Let t(m) = 3*m**2 - 1. Let a(k) = -k**2 + 9*k + 2. Let o(l) = l**2 - 10*l - 3. Let g(u) = 6*a(u) + 5*o(u). Let h be g(2). Calculate t(h).
2
Let l(u) = u**2 - 6*u - 3. Suppose 3*o + 0 = -3*h + 30, -5*h = -4*o - 23. Let q be l(h). Let n(x) = -11*x**2 - 4*x - 6 + 5 + 12*x**2. Give n(q).
-1
Let c(z) = -3*z**3 - 3*z - 4. Let x be c(-1). Let b = 16 + -9. Let s(q) = -b*q**x - 6 + q**2 + 5. Calculate s(-1).
-7
Let v(m) = -m**2 + 4*m. Let y = -34 - -37. Give v(y).
3
Let j(w) be the third derivative of -w**6/120 + w**5/20 + w**4/6 + w**3/3 + 28*w**2. What is j(4)?
2
Let g(n) = -n**2 + 0*n**2 + 0*n**2 + 0 - 1. Determine g(-1).
-2
Let g(i) = 2*i - i**3 - 4 - 3*i + 7*i**2 - 4*i**2. Let f be (0/2)/(-4 - -3). Let m = 3 - f. Give g(m).
-7
Let n(p) = -p + 1. Let u(g) = -18*g**2 + 6*g - 5. Let d(w) = 6*n(w) + u(w). Determine d(-1).
-17
Suppose -2*o = -3*o + 1. Let y(b) = 4*b. Let m(g) = -3*g. Let x(k) = 7*m(k) + 5*y(k). What is x(o)?
-1
Let t(x) be the second derivative of x**7/2520 + x**6/180 + x**5/24 - 2*x**4/3 - 2*x. Let f(w) be the third derivative of t(w). Determine f(-5).
10
Let n(m) = -m**2 - 3*m - 1. Let d be n(-4). Let r(l) = -3*l + 9. Let g(a) = a - 1. Let f(p) = p + 3. Let t be f(-2). Let v(q) = t*r(q) + 4*g(q). Give v(d).
0
Let x(m) be the first derivative of m**4/6 + m**3/2 + m**2 + m + 3. Let c(a) be the first derivative of x(a). Determine c(-2).
4
Let a(t) be the second derivative of -t**3/6 + 3*t**2/2 + 7*t. Let f be 0/(1*(-1)/(-1)). Give a(f).
3
Let k(m) = m**2 + 3*m - 5. Let i = 24 + -29. Give k(i).
5
Let v(c) = -7*c**2 - 8*c + 17. Let n(q) = 4*q**2 + 4*q - 9. Let d(o) = 5*n(o) + 3*v(o). Determine d(-5).
1
Let f(c) = -3*c + 1. Let i(a) = a. Let l(p) = -f(p) - 2*i(p). Let x(b) = b**2 + 5*b - 4. Let d(s) = -2*l(s) + x(s). Determine d(-5).
8
Let d(q) = -14*q**2 - q + 3. Let f(k) = -13*k**2 - k + 2. Let y(j) = 2*d(j) - 3*f(j). Calculate y(-1).
10
Let q = -39 - -42. Let p(o) = -o**2 + 4*o. Determine p(q).
3
Let i(c) = -3*c**2 - 15*c + 15. Let r(d) = d**2 + 7*d - 7. Let a(g) = -6*i(g) - 13*r(g). What is a(1)?
5
Let z(y) = -2*y**3 - 2*y**2 - 2*y - 3. Suppose -2*m + 5*g = -1, -4*g + 0*g = 2*m + 8. What is z(m)?
9
Suppose -2*o - 120 = 2*o. Let q be 36/o*(-20)/6. Suppose -2*k = -5*c + 10, q*k + 0*c = 5*c. Let v(h) = h - 12. Give v(k).
-7
Let y be 3 + 3 - 2/1. Let r(f) = 6*f - 4*f - f + 1. Calculate r(y).
5
Suppose 0 = w + 3*w - 4*q, -q = 5*w. Suppose -16 = -3*o - 7. Let d(t) = -2*t**3 + 1 - t**o + 0*t**3 + 2*t**3. Calculate d(w).
1
Let u(v) = v + 2. Let i be 8/(-6)*(-63)/(-6). Let c be i/(-3) + (-4)/6. What is u(c)?
6
Let m be 10/(5 - 3) - 1. Suppose -4*y - 6 = 2*a -